{"id":24200,"date":"2025-11-07T14:33:03","date_gmt":"2025-11-07T13:33:03","guid":{"rendered":"https:\/\/test.rekons.sk\/?page_id=24200"},"modified":"2025-11-07T14:40:48","modified_gmt":"2025-11-07T13:40:48","slug":"avant","status":"publish","type":"page","link":"https:\/\/rekons.sk\/index.php\/avant\/","title":{"rendered":"AVANT"},"content":{"rendered":"\t\t<div data-elementor-type=\"wp-page\" data-elementor-id=\"24200\" class=\"elementor elementor-24200\">\n\t\t\t\t<div class=\"no-position rs-sticky-default   elementor-element elementor-element-3dc0ddc9 e-con-full rs-page-banner e-flex e-con e-child\" data-id=\"3dc0ddc9\" data-element_type=\"container\" data-e-type=\"container\" data-settings=\"{&quot;background_background&quot;:&quot;gradient&quot;}\">\n\t\t<div class=\"no-position rs-sticky-default   elementor-element elementor-element-55201b51 e-flex e-con-boxed e-con e-child\" data-id=\"55201b51\" data-element_type=\"container\" data-e-type=\"container\" data-settings=\"{&quot;background_background&quot;:&quot;classic&quot;}\">\n\t\t\t\t\t<div class=\"e-con-inner\">\n\t\t<div class=\"no-position rs-sticky-default   elementor-element elementor-element-35301093 e-con-full content-box e-flex e-con e-child\" data-id=\"35301093\" data-element_type=\"container\" data-e-type=\"container\" data-settings=\"{&quot;background_background&quot;:&quot;classic&quot;}\">\n\t\t\t\t<div class=\"elementor-element elementor-element-3ab82105 gsap-move-no elementor-widget elementor-widget-heading\" data-id=\"3ab82105\" data-element_type=\"widget\" data-e-type=\"widget\" data-widget_type=\"heading.default\">\n\t\t\t\t<div class=\"elementor-widget-container\">\n\t\t\t\t\t<h2 class=\"elementor-heading-title elementor-size-default\">Klbov\u00fd naklada\u010d AVANT<\/h2>\t\t\t\t<\/div>\n\t\t\t\t<\/div>\n\t\t\t\t<div class=\"elementor-element elementor-element-2e203152 elementor-widget-mobile__width-inherit elementor-widget__width-initial elementor-widget-tablet__width-inherit gsap-move-no elementor-widget elementor-widget-rs-heading\" data-id=\"2e203152\" data-element_type=\"widget\" data-e-type=\"widget\" data-widget_type=\"rs-heading.default\">\n\t\t\t\t<div class=\"elementor-widget-container\">\n\t\t\t\t\t\n\t\t<div class=\"prelements-heading default  left\">\n\t\t\t<div class=\"title-inner\">\n\t\t\t\t\n\t\t\t<\/div>\n\t\t\t\t\t\t\t<div class=\"description\">\n\t\t\t\t\t<p data-start=\"171\" data-end=\"475\">Disponujeme modern\u00fdm k\u013abov\u00fdm naklada\u010dom Avant 635i, ktor\u00fd je ide\u00e1lny na \u0161irok\u00e9 spektrum stavebn\u00fdch pr\u00e1c. V\u010faka kompaktnej \u0161\u00edrke, v\u00fdbornej man\u00e9vrovate\u013enosti a nosnosti a\u017e 1200 kg je mimoriadne efekt\u00edvny aj v stiesnen\u00fdch podmienkach. Tento stroj vyu\u017e\u00edvame pri manipul\u00e1cii s materi\u00e1lom, odvoze sute, \u00faprav\u00e1ch ter\u00e9nu \u010di pri nakl\u00e1dkach. Jeho v\u00fdhodou je n\u00edzka hmotnos\u0165 v pomere k v\u00fdkonu, \u010do ho odli\u0161uje a n\u00e1s tie\u017e od konkurencie. Sme pripraven\u00ed nasadi\u0165 ho kdeko\u013evek\u00a0bude\u00a0treba.<\/p>\t\t\t\t<\/div>\n\t\t\t\t\t<\/div>\n\t\t\t\t<\/div>\n\t\t\t\t<\/div>\n\t\t\t\t<div class=\"elementor-element elementor-element-2129b97e gsap-move-no elementor-widget elementor-widget-rs-divider\" data-id=\"2129b97e\" data-element_type=\"widget\" data-e-type=\"widget\" data-widget_type=\"rs-divider.default\">\n\t\t\t\t<div class=\"elementor-widget-container\">\n\t\t\t\t\t\n\t\t<div class=\"rs-divider\"> <\/div>\n\n\t\t\t\t\t<\/div>\n\t\t\t\t<\/div>\n\t\t\t\t<\/div>\n\t\t\t\t\t<\/div>\n\t\t\t\t<\/div>\n\t\t<div class=\"no-position rs-sticky-default   elementor-element elementor-element-7fa4cd80 e-flex e-con-boxed e-con e-child\" data-id=\"7fa4cd80\" data-element_type=\"container\" data-e-type=\"container\" data-settings=\"{&quot;background_background&quot;:&quot;classic&quot;}\">\n\t\t\t\t\t<div class=\"e-con-inner\">\n\t\t\t\t\t<\/div>\n\t\t\t\t<\/div>\n\t\t\t\t<\/div>\n\t\t<div class=\"no-position rs-sticky-default   elementor-element elementor-element-4e1ffe8f e-con-full e-flex e-con e-parent\" data-id=\"4e1ffe8f\" data-element_type=\"container\" data-e-type=\"container\">\n\t\t<div class=\"no-position rs-sticky-default   elementor-element elementor-element-6a1968d4 e-flex e-con-boxed e-con e-child\" data-id=\"6a1968d4\" data-element_type=\"container\" data-e-type=\"container\">\n\t\t\t\t\t<div class=\"e-con-inner\">\n\t\t\t\t<div class=\"elementor-element elementor-element-70d26027 gallery-spacing-custom gsap-move-no elementor-widget elementor-widget-image-gallery\" data-id=\"70d26027\" data-element_type=\"widget\" data-e-type=\"widget\" data-widget_type=\"image-gallery.default\">\n\t\t\t\t<div class=\"elementor-widget-container\">\n\t\t\t\t\t\t\t<div class=\"elementor-image-gallery\">\n\t\t\t<div id='gallery-1' class='gallery galleryid-24200 gallery-columns-4 gallery-size-credio_portfolio-slider'><figure class='gallery-item'>\n\t\t\t<div class='gallery-icon landscape'>\n\t\t\t\t<a data-elementor-open-lightbox=\"yes\" data-elementor-lightbox-slideshow=\"70d26027\" data-elementor-lightbox-title=\"avant4\" data-e-action-hash=\"#elementor-action%3Aaction%3Dlightbox%26settings%3DeyJpZCI6MjQyMDYsInVybCI6Imh0dHBzOlwvXC9yZWtvbnMuc2tcL3dwLWNvbnRlbnRcL3VwbG9hZHNcLzIwMjVcLzExXC9hdmFudDQuanBnIiwic2xpZGVzaG93IjoiNzBkMjYwMjcifQ%3D%3D\" href='https:\/\/rekons.sk\/wp-content\/uploads\/2025\/11\/avant4.jpg'><img fetchpriority=\"high\" decoding=\"async\" width=\"666\" height=\"450\" src=\"https:\/\/rekons.sk\/wp-content\/uploads\/2025\/11\/avant4-666x450.jpg\" class=\"attachment-credio_portfolio-slider size-credio_portfolio-slider\" alt=\"\" \/><\/a>\n\t\t\t<\/div><\/figure><figure class='gallery-item'>\n\t\t\t<div class='gallery-icon landscape'>\n\t\t\t\t<a data-elementor-open-lightbox=\"yes\" data-elementor-lightbox-slideshow=\"70d26027\" data-elementor-lightbox-title=\"avant3\" data-e-action-hash=\"#elementor-action%3Aaction%3Dlightbox%26settings%3DeyJpZCI6MjQyMDgsInVybCI6Imh0dHBzOlwvXC9yZWtvbnMuc2tcL3dwLWNvbnRlbnRcL3VwbG9hZHNcLzIwMjVcLzExXC9hdmFudDMuanBnIiwic2xpZGVzaG93IjoiNzBkMjYwMjcifQ%3D%3D\" href='https:\/\/rekons.sk\/wp-content\/uploads\/2025\/11\/avant3.jpg'><img decoding=\"async\" width=\"666\" height=\"450\" src=\"https:\/\/rekons.sk\/wp-content\/uploads\/2025\/11\/avant3-666x450.jpg\" class=\"attachment-credio_portfolio-slider size-credio_portfolio-slider\" alt=\"\" \/><\/a>\n\t\t\t<\/div><\/figure><figure class='gallery-item'>\n\t\t\t<div class='gallery-icon landscape'>\n\t\t\t\t<a data-elementor-open-lightbox=\"yes\" data-elementor-lightbox-slideshow=\"70d26027\" data-elementor-lightbox-title=\"avant5\" data-e-action-hash=\"#elementor-action%3Aaction%3Dlightbox%26settings%3DeyJpZCI6MjQyMDcsInVybCI6Imh0dHBzOlwvXC9yZWtvbnMuc2tcL3dwLWNvbnRlbnRcL3VwbG9hZHNcLzIwMjVcLzExXC9hdmFudDUuanBnIiwic2xpZGVzaG93IjoiNzBkMjYwMjcifQ%3D%3D\" href='https:\/\/rekons.sk\/wp-content\/uploads\/2025\/11\/avant5.jpg'><img decoding=\"async\" width=\"666\" height=\"450\" src=\"https:\/\/rekons.sk\/wp-content\/uploads\/2025\/11\/avant5-666x450.jpg\" class=\"attachment-credio_portfolio-slider size-credio_portfolio-slider\" alt=\"\" \/><\/a>\n\t\t\t<\/div><\/figure><figure class='gallery-item'>\n\t\t\t<div class='gallery-icon landscape'>\n\t\t\t\t<a data-elementor-open-lightbox=\"yes\" data-elementor-lightbox-slideshow=\"70d26027\" data-elementor-lightbox-title=\"avant2\" data-e-action-hash=\"#elementor-action%3Aaction%3Dlightbox%26settings%3DeyJpZCI6MjQyMDQsInVybCI6Imh0dHBzOlwvXC9yZWtvbnMuc2tcL3dwLWNvbnRlbnRcL3VwbG9hZHNcLzIwMjVcLzExXC9hdmFudDIuanBnIiwic2xpZGVzaG93IjoiNzBkMjYwMjcifQ%3D%3D\" href='https:\/\/rekons.sk\/wp-content\/uploads\/2025\/11\/avant2.jpg'><img loading=\"lazy\" decoding=\"async\" width=\"666\" height=\"450\" src=\"https:\/\/rekons.sk\/wp-content\/uploads\/2025\/11\/avant2-666x450.jpg\" class=\"attachment-credio_portfolio-slider size-credio_portfolio-slider\" alt=\"\" \/><\/a>\n\t\t\t<\/div><\/figure><figure class='gallery-item'>\n\t\t\t<div class='gallery-icon portrait'>\n\t\t\t\t<a data-elementor-open-lightbox=\"yes\" data-elementor-lightbox-slideshow=\"70d26027\" data-elementor-lightbox-title=\"avant6\" data-e-action-hash=\"#elementor-action%3Aaction%3Dlightbox%26settings%3DeyJpZCI6MjQyMDUsInVybCI6Imh0dHBzOlwvXC9yZWtvbnMuc2tcL3dwLWNvbnRlbnRcL3VwbG9hZHNcLzIwMjVcLzExXC9hdmFudDYuanBnIiwic2xpZGVzaG93IjoiNzBkMjYwMjcifQ%3D%3D\" href='https:\/\/rekons.sk\/wp-content\/uploads\/2025\/11\/avant6.jpg'><img loading=\"lazy\" decoding=\"async\" width=\"666\" height=\"450\" src=\"https:\/\/rekons.sk\/wp-content\/uploads\/2025\/11\/avant6-666x450.jpg\" class=\"attachment-credio_portfolio-slider size-credio_portfolio-slider\" alt=\"\" \/><\/a>\n\t\t\t<\/div><\/figure>\n\t\t<\/div>\n\t\t<\/div>\n\t\t\t\t\t\t<\/div>\n\t\t\t\t<\/div>\n\t\t\t\t\t<\/div>\n\t\t\t\t<\/div>\n\t\t\t\t<\/div>\n\t\t<div class=\"no-position rs-sticky-default   elementor-element elementor-element-4f81e33b e-con-full e-flex e-con e-parent\" data-id=\"4f81e33b\" data-element_type=\"container\" data-e-type=\"container\">\n\t\t\t\t<div class=\"elementor-element elementor-element-2567bba6 elementor-widget__width-inherit gsap-move-no elementor-widget elementor-widget-rs-marquee-logo-slider\" data-id=\"2567bba6\" data-element_type=\"widget\" data-e-type=\"widget\" data-widget_type=\"rs-marquee-logo-slider.default\">\n\t\t\t\t<div class=\"elementor-widget-container\">\n\t\t\t\t\t\n                                    <div class=\"marquee_wrapper marquee_wrapper_logo\">\n                    <div class=\"rstheme-marquee-slider_18942\" data-speed=\"8000\">\n                                                        <div class=\"item\">\n                                    <div class=\"item-inner\">\n                                                                                    <div class=\"rs-marquee-text\"> REKONS SK <\/div>\n                                                                                                                    <\/div>\n                                <\/div>\n                                                            <div class=\"item\">\n                                    <div class=\"item-inner\">\n                                                                                    <div class=\"rs-marquee-text\"> REKONS SK <\/div>\n                                                                                                                    <\/div>\n                                <\/div>\n                                                            <div class=\"item\">\n                                    <div class=\"item-inner\">\n                                                                                    <div class=\"rs-marquee-text\"> REKONS SK <\/div>\n                                                                                                                    <\/div>\n                                <\/div>\n                                                            <div class=\"item\">\n                                    <div class=\"item-inner\">\n                                                                                    <div class=\"rs-marquee-text\"> REKONS SK <\/div>\n                                                                                                                    <\/div>\n                                <\/div>\n                                                            <div class=\"item\">\n                                    <div class=\"item-inner\">\n                                                                                    <div class=\"rs-marquee-text\"> REKONS SK <\/div>\n                                                                                                                    <\/div>\n                                <\/div>\n                                                <\/div>\n                <\/div>\n                <script type=\"text\/javascript\"> \n                    jQuery(document).ready(function(){\n                        var speedValue = jQuery(\".rstheme-marquee-slider_18942\").data(\"speed\");\n                        jQuery(\".rstheme-marquee-slider_18942\").slick({\n                            arrows: false,\n                            infinite: true,\n                            autoplay: true,\n                            centerMode: true,\n                            dots: false,\n                            variableWidth: true,\n                            slidesToScroll: 1,\n                            speed: speedValue,\n                            autoplaySpeed: 0,\n                            cssEase: \"linear\",\n                            pauseOnHover: false,\n                            pauseOnFocus: false,\n                            draggable: true,\n                                                            rtl: false,\n                                                        responsive: [\n                                {\n                                    breakpoint: 1200,\n                                    settings: {\n                                        slidesToShow: 5\n                                    }\n                                },\n                                {\n                                    breakpoint: 767,\n                                    settings: {\n                                        slidesToShow: 3,\n                                        speed: speedValue,\n                                        dots: false\n                                    }\n                                }\n                            ]\n                        });\n                    });\n                <\/script>\n                                \t\t\t\t<\/div>\n\t\t\t\t<\/div>\n\t\t\t\t<\/div>\n\t\t\t\t<\/div>\n\t\t","protected":false},"excerpt":{"rendered":"<p>Klbov\u00fd naklada\u010d AVANT Disponujeme modern\u00fdm k\u013abov\u00fdm naklada\u010dom Avant 635i, ktor\u00fd je ide\u00e1lny na \u0161irok\u00e9 spektrum stavebn\u00fdch pr\u00e1c. V\u010faka kompaktnej \u0161\u00edrke, v\u00fdbornej man\u00e9vrovate\u013enosti a nosnosti a\u017e 1200 kg je mimoriadne efekt\u00edvny aj v stiesnen\u00fdch podmienkach. Tento stroj vyu\u017e\u00edvame pri manipul\u00e1cii s materi\u00e1lom, odvoze sute, \u00faprav\u00e1ch ter\u00e9nu \u010di pri nakl\u00e1dkach. Jeho v\u00fdhodou je n\u00edzka hmotnos\u0165 v pomere&#8230;<\/p>\n","protected":false},"author":1,"featured_media":0,"parent":0,"menu_order":0,"comment_status":"closed","ping_status":"closed","template":"elementor_header_footer","meta":{"footnotes":""},"class_list":["post-24200","page","type-page","status-publish","hentry"],"_links":{"self":[{"href":"https:\/\/rekons.sk\/index.php\/wp-json\/wp\/v2\/pages\/24200","targetHints":{"allow":["GET"]}}],"collection":[{"href":"https:\/\/rekons.sk\/index.php\/wp-json\/wp\/v2\/pages"}],"about":[{"href":"https:\/\/rekons.sk\/index.php\/wp-json\/wp\/v2\/types\/page"}],"author":[{"embeddable":true,"href":"https:\/\/rekons.sk\/index.php\/wp-json\/wp\/v2\/users\/1"}],"replies":[{"embeddable":true,"href":"https:\/\/rekons.sk\/index.php\/wp-json\/wp\/v2\/comments?post=24200"}],"version-history":[{"count":7,"href":"https:\/\/rekons.sk\/index.php\/wp-json\/wp\/v2\/pages\/24200\/revisions"}],"predecessor-version":[{"id":24215,"href":"https:\/\/rekons.sk\/index.php\/wp-json\/wp\/v2\/pages\/24200\/revisions\/24215"}],"wp:attachment":[{"href":"https:\/\/rekons.sk\/index.php\/wp-json\/wp\/v2\/media?parent=24200"}],"curies":[{"name":"wp","href":"https:\/\/api.w.org\/{rel}","templated":true}]}}